r of 1995?
True
Is 19 a factor of 1111?
False
Does 52 divide 884?
True
Is 2628 a multiple of 18?
True
Does 10 divide 6502?
False
Is 1160 a multiple of 29?
True
Does 14 divide 98?
True
Is 44 a factor of 5592?
False
Is 5 a factor of 6930?
True
Is 4130 a multiple of 14?
True
Is 53 a factor of 106?
True
Does 9 divide 17?
False
Is 7288 a multiple of 14?
False
Is 55 a factor of 15491?
False
Is 12042 a multiple of 11?
False
Is 77 a factor of 847?
True
Does 40 divide 4880?
True
Is 42 a factor of 252?
True
Is 33 a factor of 3927?
True
Does 16 divide 2736?
True
Is 1088 a multiple of 32?
True
Does 3 divide 474?
True
Is 45178 a multiple of 9?
False
Is 64 a factor of 192?
True
Is 3 a factor of 1111?
False
Does 45 divide 38701?
False
Does 2 divide 445?
False
Is 1337 a multiple of 46?
False
Is 810 a multiple of 54?
True
Is 18896 a multiple of 8?
True
Is 1620 a multiple of 20?
True
Is 130 a multiple of 7?
False
Does 87 divide 9410?
False
Is 30 a factor of 840?
True
Does 45 divide 6570?
True
Is 6713 a multiple of 11?
False
Is 6595 a multiple of 61?
False
Is 66 a factor of 5412?
True
Is 11361 a multiple of 21?
True
Is 14 a factor of 4536?
True
Is 38300 a multiple of 25?
True
Does 10 divide 58094?
False
Does 87 divide 10005?
True
Is 2790 a multiple of 6?
True
Is 23 a factor of 3335?
True
Does 25 divide 11150?
True
Does 29 divide 1218?
True
Is 79 a factor of 1950?
False
Is 3 a factor of 17717?
False
Does 8 divide 4828?
False
Is 7524 a multiple of 44?
True
Is 37 a factor of 703?
True
Is 150 a multiple of 7?
False
Is 1748 a multiple of 46?
True
Does 2 divide 195?
False
Does 94 divide 7263?
False
Does 24 divide 1296?
True
Is 8836 a multiple of 188?
True
Is 1472 a multiple of 46?
True
Is 45790 a multiple of 19?
True
Is 164 a factor of 1148?
True
Is 8 a factor of 34488?
True
Does 24 divide 864?
True
Is 9 a factor of 28426?
False
Is 1008 a multiple of 36?
True
Is 53 a factor of 57203?
False
Is 14 a factor of 46984?
True
Is 5 a factor of 479?
False
Is 6090 a multiple of 14?
True
Is 19 a factor of 1368?
True
Is 73 a multiple of 2?
False
Does 20 divide 31160?
True
Does 281 divide 2923?
False
Does 5 divide 250?
True
Is 4577 a multiple of 125?
False
Does 4 divide 828?
True
Does 24 divide 2667?
False
Is 14600 a multiple of 18?
False
Is 12 a factor of 1440?
True
Is 8800 a multiple of 22?
True
Is 29 a factor of 58?
True
Does 54 divide 378?
True
Does 330 divide 52170?
False
Does 9 divide 1536?
False
Does 14 divide 59?
False
Is 26824 a multiple of 28?
True
Is 1647 a multiple of 30?
False
Is 22 a factor of 24040?
False
Is 1080 a multiple of 24?
True
Is 16 a factor of 23008?
True
Is 2958 a multiple of 29?
True
Is 125 a multiple of 22?
False
Does 9 divide 1185?
False
Is 832 a multiple of 16?
True
Is 12 a factor of 6606?
False
Is 128 a factor of 34050?
False
Does 21 divide 565?
False
Is 45 a factor of 2160?
True
Is 38 a factor of 2568?
False
Is 4211 a multiple of 3?
False
Is 21 a factor of 5808?
False
Is 27561 a multiple of 142?
False
Is 16 a factor of 9962?
False
Is 4880 a multiple of 11?
False
Does 39 divide 339?
False
Is 1113 a multiple of 31?
False
Does 76 divide 5396?
True
Does 94 divide 1410?
True
Is 25806 a multiple of 89?
False
Does 13 divide 56244?
False
Does 3 divide 2654?
False
Is 6867 a multiple of 31?
False
Is 384 a multiple of 12?
True
Does 23 divide 8500?
False
Does 13 divide 1485?
False
Is 17 a factor of 2445?
False
Is 1856 a multiple of 16?
True
Is 55 a factor of 7993?
False
Is 16759 a multiple of 43?
False
Is 4670 a multiple of 20?
False
Does 16 divide 1850?
False
Does 5 divide 2260?
True
Is 1122 a multiple of 13?
False
Does 16 divide 787?
False
Is 5347 a multiple of 10?
False
Does 7 divide 707?
True
Is 64 a factor of 3008?
True
Is 19754 a multiple of 166?
True
Does 13 divide 910?
True
Does 13 divide 1833?
True
Is 39 a factor of 3010?
False
Is 627 a multiple of 11?
True
Is 17 a factor of 841?
False
Is 933 a multiple of 44?
False
Is 14 a factor of 3304?
True
Is 36 a factor of 900?
True
Is 3 a factor of 49?
False
Is 122 even?
True
Is 32 a factor of 18240?
True
Does 94 divide 1128?
True
Does 48 divide 8736?
True
Is 54173 a multiple of 244?
False
Is 20 a factor of 1858?
False
Does 17 divide 17?
True
Does 8 divide 1857?
False
Is 29 a multiple of 23?
False
Is 327 a multiple of 9?
False
Does 3 divide 3930?
True
Is 29267 a multiple of 113?
True
Is 46 a factor of 23324?
False
Is 880 a multiple of 16?
True
Is 38076 a multiple of 6?
True
Does 5 divide 13730?
True
Does 88 divide 5274?
False
Is 16160 a multiple of 40?
True
Is 12 a factor of 4900?
False
Does 7 divide 12775?
True
Is 117 a factor of 12741?
False
Is 8 a factor of 2075?
False
Does 30 divide 1743?
False
Is 29066 a multiple of 44?
False
Does 20 divide 1608?
False
Does 10 divide 1231?
False
Is 61 a factor of 305?
True
Is 99 a factor of 3933?
False
Is 4 a factor of 1155?
False
Is 11 a factor of 4884?
True
Does 260 divide 53820?
True
Is 635 a multiple of 4?
False
Is 21 a factor of 378?
True
Is 9 a factor of 675?
True
Does 13 divide 7325?
False
Is 4254 a multiple of 11?
False
Is 59 a factor of 1003?
True
Is 173 a factor of 13053?
False
Is 4833 a multiple of 9?
True
Does 2 divide 492?
True
Is 14 a factor of 35154?
True
Is 4973 a multiple of 15?
False
Is 10 a factor of 3460?
True
Does 9 divide 2429?
False
Is 1243 a multiple of 38?
False
Does 16 divide 23760?
True
Is 9 a factor of 4824?
True
Is 38 a factor of 4712?
True
Is 458 a multiple of 3?
False
Is 9 a factor of 5437?
False
Does 19 divide 62?
False
Does 15 divide 5490?
True
Does 73 divide 5767?
True
Is 39 a factor of 54486?
False
Does 68 divide 1009?
False
Is 29 a factor of 36059?
False
Is 261 a multiple of 6?
False
Is 1343 a multiple of 16?
False
Is 25 a factor of 3900?
True
Is 12 a factor of 5145?
False
Is 103 a factor of 2769?
False
Is 6632 a multiple of 8?
True
Does 4 divide 467?
False
Is 14808 a multiple of 101?
False
Is 12626 a multiple of 12?
False
Is 42836 a multiple of 10?
False
Does 19 divide 1064?
True
Does 35 divide 4784?
False
Is 23 a factor of 2461?
True
Is 41 a factor of 4551?
True
Is 8536 a multiple of 44?
True
Does 16 divide 5152?
True
Does 104 divide 3224?
True
Does 17 divide 24191?
True
Does 15 divide 1110?
True
Is 23 a factor of 1058?
True
Is 864 a multiple of 6?
True
Does 6 divide 9940?
False
Does 12 divide 1104?
True
Does 31 divide 1426?
True
Does 7 divide 581?
True
Is 125 a factor of 1250?
True
Does 21 divide 840?
True
Is 4 a factor of 2632?
True
Does 200 divide 28050?
False
Does 5 divide 2560?
True
Is 6189 a multiple of 113?
False
Is 900 a multiple of 20?
True
Is 14 a factor of 221?
False
Is 20 a factor of 476?
False
Does 7 divide 197?
False
Does 6 divide 57375?
False
Is 1072 a multiple of 33?
False
Does 9 divide 18?
True
Does 63 divide 1953?
True
Is 526 a multiple of 11?
False
Is 30 a factor of 810?
True
Is 1394 a multiple of 34?
True
Is 13426 a multiple of 5?
False
Does 19 divide 6553?
False
Is 21 a factor of 737?
False
Is 25 a factor of 12450?
True
Is 392 a multiple of 7?
True
Is 6660 a multiple of 45?
True
Is 20160 a multiple of 60?
True
Is 10418 a multiple of 25?
False
Does 6 divide 77?
False
Does 21 divide 1764?
True
Does 59 divide 2183?
True
Is 24 a factor of 164869?
False
Is 25 a factor of 419?
False
Is 1116 a multiple of 36?
True
Is 8 a factor of 7618?
False
Is 1826 a multiple of 2?
True
Is 36 a multiple of 2?
True
Does 86 divide 1204?
True
Is 266 a multiple of 3?
False
Is 8588 a multiple of 27?
False
Does 80 divide 45360?
True
Does 18 divide 1049?
False
Is 60 a factor of 11520?
True
Is 535 a multiple of 23?
False
Is 29333 a multiple of 34?
False
Is 65 a factor of 780?
True
Is 10673 a multiple of 249?
False
Does 101 divide 19291?
True
Is 60 a factor of 4113?
False
Is 45 a factor of 765?
True
Is 81700 a multiple of 76?
True
Is 20 a multiple of 20?
True
Is 23 a factor of 4900?
False
Is 12 a factor of 2916?
True
Does 39 divide 550?
False
Does 13 divide 5018?
True
Is 726 a multiple of 7?
False
Does 15 divide 864?
False
Does 32 divide 23592?
False
Is 97227 a multiple of 13?
True
Is 2470 a multiple of 5?
True
Does 111 divide 3720?
False
Is 11482 a multiple of 20?
False
Is 8405 a multiple of 79?
False
Is 109 a multiple of 24?
False
Is 12 a factor of 29260?
False
Does 22 divide 8760?
False
Is 5 a factor of 500?
True
Is 113 a factor of 3503?
